{"version":"1.0","type":"rich","title":"\ud83c\udf1e Lato si\u0119 ko\u0144czy\u2026 ale ja si\u0119 jeszcze nie zgadzam!","url":"\/view-post\/-lato-si\u0119-ko\u0144czy-ale-ja-si\u0119-jeszcze-nie","provider_name":"Naturysci.org","provider_url":"https:\/\/naturysci.org\/","html":"<iframe width=\"300\" height=\"260\" src=\"https:\/\/naturysci.org\/m\/posts\/embed\/454\/\" frameborder=\"0\" allowfullscreen><\/iframe>","thumbnail_url":"https:\/\/naturysci.org\/s\/bx_posts_photos_resized\/7us4kpx7yvwweszgeqt7vvgzm9qetrtp.jpg","author_name":"Admin Celina","author_url":"https:\/\/naturysci.org\/view-persons-profile\/celina-profil"}

🌞 Lato się kończy… ale ja się jeszcze nie zgadzam!

/view-post/-lato-się-kończy-ale-ja-się-jeszcze-nie
